{"id":146,"date":"2020-09-07T13:45:15","date_gmt":"2020-09-07T12:45:15","guid":{"rendered":"https:\/\/dev.joga-nsz.si\/?page_id=146"},"modified":"2022-08-07T07:06:25","modified_gmt":"2022-08-07T06:06:25","slug":"course-registration","status":"publish","type":"page","link":"https:\/\/joga-nsz.si\/?page_id=146&lang=en","title":{"rendered":"Course Registration"},"content":{"rendered":"<p>[et_pb_section fb_built=&#8221;1&#8243; _builder_version=&#8221;4.10.4&#8243; _module_preset=&#8221;default&#8221; background_color=&#8221;rgba(244,163,4,0.06)&#8221; global_colors_info=&#8221;{}&#8221;][et_pb_row _builder_version=&#8221;4.6.1&#8243; _module_preset=&#8221;default&#8221; global_colors_info=&#8221;{}&#8221;][et_pb_column type=&#8221;4_4&#8243; _builder_version=&#8221;4.6.1&#8243; _module_preset=&#8221;default&#8221; global_colors_info=&#8221;{}&#8221;][et_pb_code _builder_version=&#8221;4.10.4&#8243; _module_preset=&#8221;default&#8221; global_colors_info=&#8221;{}&#8221;]<div class=\"frm_forms  with_frm_style frm_style_formidable-style\" id=\"frm_form_7_container\" >\n<form enctype=\"multipart\/form-data\" method=\"post\" class=\"frm-show-form \" id=\"form_contact-formf979170002878b0b2af9256ce952e17debf7d9a2\" >\n<div class=\"frm_form_fields \">\n<fieldset>\n<legend class=\"frm_screen_reader\">Application for membership in Yoga School - 2022<\/legend>\r\n<h3 class=\"frm_form_title\">Application for membership in Yoga School - 2022<\/h3>\r\n<div class=\"frm_description\"><p>Please fill out the application form for the course and become a member of the Yoga School.<\/p>\n<\/div><div class=\"frm_fields_container\">\n<input type=\"hidden\" name=\"frm_action\" value=\"create\" \/>\n<input type=\"hidden\" name=\"form_id\" value=\"7\" \/>\n<input type=\"hidden\" name=\"frm_hide_fields_7\" id=\"frm_hide_fields_7\" value=\"\" \/>\n<input type=\"hidden\" name=\"form_key\" value=\"contact-formf979170002878b0b2af9256ce952e17debf7d9a2\" \/>\n<input type=\"hidden\" name=\"item_meta[0]\" value=\"\" \/>\n<input type=\"hidden\" id=\"frm_submit_entry_7\" name=\"frm_submit_entry_7\" value=\"2f84956084\" \/><input type=\"hidden\" name=\"_wp_http_referer\" value=\"\/index.php?rest_route=%2Fwp%2Fv2%2Fpages%2F146\" \/><div id=\"frm_field_41_container\" class=\"frm_form_field form-field  frm_required_field frm_top_container frm_first frm_half\">\r\n    <label for=\"field_qh4icyc4aeb9f30e0eefec1d4f5f56e756ff38d56e3ea5\" id=\"field_qh4icyc4aeb9f30e0eefec1d4f5f56e756ff38d56e3ea5_label\" class=\"frm_primary_label\">Name\r\n        <span class=\"frm_required\">*<\/span>\r\n    <\/label>\r\n    <input type=\"text\" id=\"field_qh4icyc4aeb9f30e0eefec1d4f5f56e756ff38d56e3ea5\" name=\"item_meta[41]\" value=\"\"  data-reqmsg=\"Name cannot be blank.\" aria-required=\"true\" data-invmsg=\"Name is invalid\" aria-invalid=\"false\"   aria-describedby=\"frm_desc_field_qh4icyc4aeb9f30e0eefec1d4f5f56e756ff38d56e3ea5\"\/>\r\n    <div class=\"frm_description\" id=\"frm_desc_field_qh4icyc4aeb9f30e0eefec1d4f5f56e756ff38d56e3ea5\">First<\/div>\r\n    \r\n<\/div>\n<div id=\"frm_field_42_container\" class=\"frm_form_field form-field  frm_required_field frm_top_container frm_half\">\r\n    <label for=\"field_ocfup12b2d7f3476eb9becfcd0ae9edfae7f338a55be4c\" id=\"field_ocfup12b2d7f3476eb9becfcd0ae9edfae7f338a55be4c_label\" class=\"frm_primary_label\">Surname\r\n        <span class=\"frm_required\">*<\/span>\r\n    <\/label>\r\n    <input type=\"text\" id=\"field_ocfup12b2d7f3476eb9becfcd0ae9edfae7f338a55be4c\" name=\"item_meta[42]\" value=\"\"  data-reqmsg=\"Surname cannot be blank.\" aria-required=\"true\" data-invmsg=\"Last is invalid\" aria-invalid=\"false\"   aria-describedby=\"frm_desc_field_ocfup12b2d7f3476eb9becfcd0ae9edfae7f338a55be4c\"\/>\r\n    <div class=\"frm_description\" id=\"frm_desc_field_ocfup12b2d7f3476eb9becfcd0ae9edfae7f338a55be4c\">Last<\/div>\r\n    \r\n<\/div>\n<div id=\"frm_field_47_container\" class=\"frm_form_field form-field  frm_required_field frm_top_container\">\n    <label for=\"field_bh3ss\" id=\"field_bh3ss_label\" class=\"frm_primary_label\">Address (City)\n        <span class=\"frm_required\" aria-hidden=\"true\">*<\/span>\n    <\/label>\n    <input type=\"text\" id=\"field_bh3ss\" name=\"item_meta[47]\" value=\"\"  data-reqmsg=\"Address (City) cannot be blank.\" aria-required=\"true\" data-invmsg=\"Text is invalid\" aria-invalid=\"false\"  \/>\n    \n    \n<\/div>\n<div id=\"frm_field_43_container\" class=\"frm_form_field form-field  frm_required_field frm_top_container frm_full\">\r\n    <label for=\"field_29yf4d1e008fb53930b458809a1560e5c7\" id=\"field_29yf4d1e008fb53930b458809a1560e5c7_label\" class=\"frm_primary_label\">Email\r\n        <span class=\"frm_required\">*<\/span>\r\n    <\/label>\r\n    <input type=\"email\" id=\"field_29yf4d1e008fb53930b458809a1560e5c7\" name=\"item_meta[43]\" value=\"\"  data-reqmsg=\"Email cannot be blank.\" aria-required=\"true\" data-invmsg=\"Please enter a valid email address\" aria-invalid=\"false\"  \/>\r\n    \r\n    \r\n<\/div>\n<div id=\"frm_field_44_container\" class=\"frm_form_field form-field  frm_required_field frm_top_container vertical_radio\">\r\n    <div  id=\"field_jf1p44cecaf5d64ad5354b7cd1780cedde6401f2c828d_label\" class=\"frm_primary_label\">Group\r\n        <span class=\"frm_required\">*<\/span>\r\n    <\/div>\r\n    <div class=\"frm_opt_container\" aria-labelledby=\"field_jf1p44cecaf5d64ad5354b7cd1780cedde6401f2c828d_label\" role=\"radiogroup\" aria-required=\"true\">\t\t<div class=\"frm_radio\" id=\"frm_radio_44-3\">\t\t\t<label  for=\"field_jf1p44cecaf5d64ad5354b7cd1780cedde6401f2c828d-3\">\n\t\t\t\t\t<input type=\"radio\" name=\"item_meta[44]\" id=\"field_jf1p44cecaf5d64ad5354b7cd1780cedde6401f2c828d-3\" value=\"Integral Esoteric Yoga - Tuesday 16:30-19:00 (Class in Slovenian language)\"\n\t\t data-reqmsg=\"Group cannot be blank.\" data-invmsg=\"Group is invalid\"   \/> Integral Esoteric Yoga - Tuesday 16:30-19:00 (Class in Slovenian language)<\/label><\/div>\n\t\t<div class=\"frm_radio\" id=\"frm_radio_44-2\">\t\t\t<label  for=\"field_jf1p44cecaf5d64ad5354b7cd1780cedde6401f2c828d-2\">\n\t\t\t\t\t<input type=\"radio\" name=\"item_meta[44]\" id=\"field_jf1p44cecaf5d64ad5354b7cd1780cedde6401f2c828d-2\" value=\"Esoteric Tantra - Thursday 17:00-19:30 (Class in Slovenian language)\"\n\t\t data-reqmsg=\"Group cannot be blank.\" data-invmsg=\"Group is invalid\"   \/> Esoteric Tantra - Thursday 17:00-19:30 (Class in Slovenian language)<\/label><\/div>\n\t\t<div class=\"frm_radio\" id=\"frm_radio_44-4\">\t\t\t<label  for=\"field_jf1p44cecaf5d64ad5354b7cd1780cedde6401f2c828d-4\">\n\t\t\t\t\t<input type=\"radio\" name=\"item_meta[44]\" id=\"field_jf1p44cecaf5d64ad5354b7cd1780cedde6401f2c828d-4\" value=\"Both Courses - Tuesday  &amp; Thursday\"\n\t\t data-reqmsg=\"Group cannot be blank.\" data-invmsg=\"Group is invalid\"   \/> Both Courses - Tuesday  &amp; Thursday<\/label><\/div>\n<\/div>\r\n    \r\n    \r\n<\/div>\n<div id=\"frm_field_45_container\" class=\"frm_form_field form-field  frm_required_field frm_top_container vertical_radio\">\r\n    <div  id=\"field_62h8saa62ab3dff13ef49efe1083640a5ff87af87946b_label\" class=\"frm_primary_label\">Payment\r\n        <span class=\"frm_required\">*<\/span>\r\n    <\/div>\r\n    <div class=\"frm_opt_container\" aria-labelledby=\"field_62h8saa62ab3dff13ef49efe1083640a5ff87af87946b_label\" role=\"radiogroup\" aria-required=\"true\">\t\t<div class=\"frm_radio\" id=\"frm_radio_45-0\">\t\t\t<label  for=\"field_62h8saa62ab3dff13ef49efe1083640a5ff87af87946b-0\">\n\t\t\t\t\t<input type=\"radio\" name=\"item_meta[45]\" id=\"field_62h8saa62ab3dff13ef49efe1083640a5ff87af87946b-0\" value=\"Monthly - \u20ac70 (1 course)\"\n\t\t data-reqmsg=\"Payment cannot be blank.\" data-invmsg=\"Payment is invalid\"   \/> Monthly - \u20ac70 (1 course)<\/label><\/div>\n\t\t<div class=\"frm_radio\" id=\"frm_radio_45-1\">\t\t\t<label  for=\"field_62h8saa62ab3dff13ef49efe1083640a5ff87af87946b-1\">\n\t\t\t\t\t<input type=\"radio\" name=\"item_meta[45]\" id=\"field_62h8saa62ab3dff13ef49efe1083640a5ff87af87946b-1\" value=\"3-Monthly - \u20ac180 (1 course)\"\n\t\t data-reqmsg=\"Payment cannot be blank.\" data-invmsg=\"Payment is invalid\"   \/> 3-Monthly - \u20ac180 (1 course)<\/label><\/div>\n\t\t<div class=\"frm_radio\" id=\"frm_radio_45-2\">\t\t\t<label  for=\"field_62h8saa62ab3dff13ef49efe1083640a5ff87af87946b-2\">\n\t\t\t\t\t<input type=\"radio\" name=\"item_meta[45]\" id=\"field_62h8saa62ab3dff13ef49efe1083640a5ff87af87946b-2\" value=\"Monthly Student\/Pensioner\/Unemployed - \u20ac50 (1 course)\"\n\t\t data-reqmsg=\"Payment cannot be blank.\" data-invmsg=\"Payment is invalid\"   \/> Monthly Student\/Pensioner\/Unemployed - \u20ac50 (1 course)<\/label><\/div>\n\t\t<div class=\"frm_radio\" id=\"frm_radio_45-3\">\t\t\t<label  for=\"field_62h8saa62ab3dff13ef49efe1083640a5ff87af87946b-3\">\n\t\t\t\t\t<input type=\"radio\" name=\"item_meta[45]\" id=\"field_62h8saa62ab3dff13ef49efe1083640a5ff87af87946b-3\" value=\"Monthly - \u20ac105 (both courses)\"\n\t\t data-reqmsg=\"Payment cannot be blank.\" data-invmsg=\"Payment is invalid\"   \/> Monthly - \u20ac105 (both courses)<\/label><\/div>\n\t\t<div class=\"frm_radio\" id=\"frm_radio_45-4\">\t\t\t<label  for=\"field_62h8saa62ab3dff13ef49efe1083640a5ff87af87946b-4\">\n\t\t\t\t\t<input type=\"radio\" name=\"item_meta[45]\" id=\"field_62h8saa62ab3dff13ef49efe1083640a5ff87af87946b-4\" value=\"3-Monthly - \u20ac290 (both courses)\"\n\t\t data-reqmsg=\"Payment cannot be blank.\" data-invmsg=\"Payment is invalid\"   \/> 3-Monthly - \u20ac290 (both courses)<\/label><\/div>\n\t\t<div class=\"frm_radio\" id=\"frm_radio_45-5\">\t\t\t<label  for=\"field_62h8saa62ab3dff13ef49efe1083640a5ff87af87946b-5\">\n\t\t\t\t\t<input type=\"radio\" name=\"item_meta[45]\" id=\"field_62h8saa62ab3dff13ef49efe1083640a5ff87af87946b-5\" value=\"Monthly Student\/Pensioner\/Unemployed - \u20ac75 (both courses)\"\n\t\t data-reqmsg=\"Payment cannot be blank.\" data-invmsg=\"Payment is invalid\"   \/> Monthly Student\/Pensioner\/Unemployed - \u20ac75 (both courses)<\/label><\/div>\n<\/div>\r\n    \r\n    \r\n<\/div>\n\t<input type=\"hidden\" name=\"item_key\" value=\"\" \/>\n\t\t\t<div id=\"frm_field_66_container\">\n\t\t\t<label for=\"field_lzmsw\" >\n\t\t\t\tIf you are human, leave this field blank.\t\t\t<\/label>\n\t\t\t<input  id=\"field_lzmsw\" type=\"text\" class=\"frm_form_field form-field frm_verify\" name=\"item_meta[66]\" value=\"\"  \/>\n\t\t<\/div>\n\t\t<input name=\"frm_state\" type=\"hidden\" value=\"noyVxyvBp\/kjHQtPTTZkDxgbuo6E4Yf5TAgHIFjBgBA=\" \/><div class=\"frm_submit\">\r\n\r\n<button class=\"frm_button_submit\" type=\"submit\"  >Submit<\/button>\r\n\r\n<\/div><\/div>\n<\/fieldset>\n<\/div>\n\n<\/form>\n<\/div>\n[\/et_pb_code][\/et_pb_column][\/et_pb_row][\/et_pb_section]<\/p>\n","protected":false},"excerpt":{"rendered":"<div class=\"frm_forms  with_frm_style frm_style_formidable-style\" id=\"frm_form_7_container\" >\n<form enctype=\"multipart\/form-data\" method=\"post\" class=\"frm-show-form \" id=\"form_contact-formf979170002878b0b2af9256ce952e17debf7d9a2\" >\n<div class=\"frm_form_fields \">\n<fieldset>\n<legend class=\"frm_screen_reader\">Application for membership in Yoga School - 2022<\/legend>\r\n<h3 class=\"frm_form_title\">Application for membership in Yoga School - 2022<\/h3>\r\n<div class=\"frm_description\"><p>Please fill out the application form for the course and become a member of the Yoga School.<\/p>\n<\/div><div class=\"frm_fields_container\">\n<input type=\"hidden\" name=\"frm_action\" value=\"create\" \/>\n<input type=\"hidden\" name=\"form_id\" value=\"7\" \/>\n<input type=\"hidden\" name=\"frm_hide_fields_7\" id=\"frm_hide_fields_7\" value=\"\" \/>\n<input type=\"hidden\" name=\"form_key\" value=\"contact-formf979170002878b0b2af9256ce952e17debf7d9a2\" \/>\n<input type=\"hidden\" name=\"item_meta[0]\" value=\"\" \/>\n<input type=\"hidden\" id=\"frm_submit_entry_7\" name=\"frm_submit_entry_7\" value=\"2f84956084\" \/><input type=\"hidden\" name=\"_wp_http_referer\" value=\"\/index.php?rest_route=%2Fwp%2Fv2%2Fpages%2F146\" \/><div id=\"frm_field_41_container\" class=\"frm_form_field form-field  frm_required_field frm_top_container frm_first frm_half\">\r\n    <label for=\"field_qh4icyc4aeb9f30e0eefec1d4f5f56e756ff38d56e3ea5\" id=\"field_qh4icyc4aeb9f30e0eefec1d4f5f56e756ff38d56e3ea5_label\" class=\"frm_primary_label\">Name\r\n        <span class=\"frm_required\">*<\/span>\r\n    <\/label>\r\n    <input type=\"text\" id=\"field_qh4icyc4aeb9f30e0eefec1d4f5f56e756ff38d56e3ea5\" name=\"item_meta[41]\" value=\"\"  data-reqmsg=\"Name cannot be blank.\" aria-required=\"true\" data-invmsg=\"Name is invalid\" aria-invalid=\"false\"   aria-describedby=\"frm_desc_field_qh4icyc4aeb9f30e0eefec1d4f5f56e756ff38d56e3ea5\"\/>\r\n    <div class=\"frm_description\" id=\"frm_desc_field_qh4icyc4aeb9f30e0eefec1d4f5f56e756ff38d56e3ea5\">First<\/div>\r\n    \r\n<\/div>\n<div id=\"frm_field_42_container\" class=\"frm_form_field form-field  frm_required_field frm_top_container frm_half\">\r\n    <label for=\"field_ocfup12b2d7f3476eb9becfcd0ae9edfae7f338a55be4c\" id=\"field_ocfup12b2d7f3476eb9becfcd0ae9edfae7f338a55be4c_label\" class=\"frm_primary_label\">Surname\r\n        <span class=\"frm_required\">*<\/span>\r\n    <\/label>\r\n    <input type=\"text\" id=\"field_ocfup12b2d7f3476eb9becfcd0ae9edfae7f338a55be4c\" name=\"item_meta[42]\" value=\"\"  data-reqmsg=\"Surname cannot be blank.\" aria-required=\"true\" data-invmsg=\"Last is invalid\" aria-invalid=\"false\"   aria-describedby=\"frm_desc_field_ocfup12b2d7f3476eb9becfcd0ae9edfae7f338a55be4c\"\/>\r\n    <div class=\"frm_description\" id=\"frm_desc_field_ocfup12b2d7f3476eb9becfcd0ae9edfae7f338a55be4c\">Last<\/div>\r\n    \r\n<\/div>\n<div id=\"frm_field_47_container\" class=\"frm_form_field form-field  frm_required_field frm_top_container\">\n    <label for=\"field_bh3ss\" id=\"field_bh3ss_label\" class=\"frm_primary_label\">Address (City)\n        <span class=\"frm_required\" aria-hidden=\"true\">*<\/span>\n    <\/label>\n    <input type=\"text\" id=\"field_bh3ss\" name=\"item_meta[47]\" value=\"\"  data-reqmsg=\"Address (City) cannot be blank.\" aria-required=\"true\" data-invmsg=\"Text is invalid\" aria-invalid=\"false\"  \/>\n    \n    \n<\/div>\n<div id=\"frm_field_43_container\" class=\"frm_form_field form-field  frm_required_field frm_top_container frm_full\">\r\n    <label for=\"field_29yf4d1e008fb53930b458809a1560e5c7\" id=\"field_29yf4d1e008fb53930b458809a1560e5c7_label\" class=\"frm_primary_label\">Email\r\n        <span class=\"frm_required\">*<\/span>\r\n    <\/label>\r\n    <input type=\"email\" id=\"field_29yf4d1e008fb53930b458809a1560e5c7\" name=\"item_meta[43]\" value=\"\"  data-reqmsg=\"Email cannot be blank.\" aria-required=\"true\" data-invmsg=\"Please enter a valid email address\" aria-invalid=\"false\"  \/>\r\n    \r\n    \r\n<\/div>\n<div id=\"frm_field_44_container\" class=\"frm_form_field form-field  frm_required_field frm_top_container vertical_radio\">\r\n    <div  id=\"field_jf1p44cecaf5d64ad5354b7cd1780cedde6401f2c828d_label\" class=\"frm_primary_label\">Group\r\n        <span class=\"frm_required\">*<\/span>\r\n    <\/div>\r\n    <div class=\"frm_opt_container\" aria-labelledby=\"field_jf1p44cecaf5d64ad5354b7cd1780cedde6401f2c828d_label\" role=\"radiogroup\" aria-required=\"true\">\t\t<div class=\"frm_radio\" id=\"frm_radio_44-3\">\t\t\t<label  for=\"field_jf1p44cecaf5d64ad5354b7cd1780cedde6401f2c828d-3\">\n\t\t\t\t\t<input type=\"radio\" name=\"item_meta[44]\" id=\"field_jf1p44cecaf5d64ad5354b7cd1780cedde6401f2c828d-3\" value=\"Integral Esoteric Yoga - Tuesday 16:30-19:00 (Class in Slovenian language)\"\n\t\t data-reqmsg=\"Group cannot be blank.\" data-invmsg=\"Group is invalid\"   \/> Integral Esoteric Yoga - Tuesday 16:30-19:00 (Class in Slovenian language)<\/label><\/div>\n\t\t<div class=\"frm_radio\" id=\"frm_radio_44-2\">\t\t\t<label  for=\"field_jf1p44cecaf5d64ad5354b7cd1780cedde6401f2c828d-2\">\n\t\t\t\t\t<input type=\"radio\" name=\"item_meta[44]\" id=\"field_jf1p44cecaf5d64ad5354b7cd1780cedde6401f2c828d-2\" value=\"Esoteric Tantra - Thursday 17:00-19:30 (Class in Slovenian language)\"\n\t\t data-reqmsg=\"Group cannot be blank.\" data-invmsg=\"Group is invalid\"   \/> Esoteric Tantra - Thursday 17:00-19:30 (Class in Slovenian language)<\/label><\/div>\n\t\t<div class=\"frm_radio\" id=\"frm_radio_44-4\">\t\t\t<label  for=\"field_jf1p44cecaf5d64ad5354b7cd1780cedde6401f2c828d-4\">\n\t\t\t\t\t<input type=\"radio\" name=\"item_meta[44]\" id=\"field_jf1p44cecaf5d64ad5354b7cd1780cedde6401f2c828d-4\" value=\"Both Courses - Tuesday  &amp; Thursday\"\n\t\t data-reqmsg=\"Group cannot be blank.\" data-invmsg=\"Group is invalid\"   \/> Both Courses - Tuesday  &amp; Thursday<\/label><\/div>\n<\/div>\r\n    \r\n    \r\n<\/div>\n<div id=\"frm_field_45_container\" class=\"frm_form_field form-field  frm_required_field frm_top_container vertical_radio\">\r\n    <div  id=\"field_62h8saa62ab3dff13ef49efe1083640a5ff87af87946b_label\" class=\"frm_primary_label\">Payment\r\n        <span class=\"frm_required\">*<\/span>\r\n    <\/div>\r\n    <div class=\"frm_opt_container\" aria-labelledby=\"field_62h8saa62ab3dff13ef49efe1083640a5ff87af87946b_label\" role=\"radiogroup\" aria-required=\"true\">\t\t<div class=\"frm_radio\" id=\"frm_radio_45-0\">\t\t\t<label  for=\"field_62h8saa62ab3dff13ef49efe1083640a5ff87af87946b-0\">\n\t\t\t\t\t<input type=\"radio\" name=\"item_meta[45]\" id=\"field_62h8saa62ab3dff13ef49efe1083640a5ff87af87946b-0\" value=\"Monthly - \u20ac70 (1 course)\"\n\t\t data-reqmsg=\"Payment cannot be blank.\" data-invmsg=\"Payment is invalid\"   \/> Monthly - \u20ac70 (1 course)<\/label><\/div>\n\t\t<div class=\"frm_radio\" id=\"frm_radio_45-1\">\t\t\t<label  for=\"field_62h8saa62ab3dff13ef49efe1083640a5ff87af87946b-1\">\n\t\t\t\t\t<input type=\"radio\" name=\"item_meta[45]\" id=\"field_62h8saa62ab3dff13ef49efe1083640a5ff87af87946b-1\" value=\"3-Monthly - \u20ac180 (1 course)\"\n\t\t data-reqmsg=\"Payment cannot be blank.\" data-invmsg=\"Payment is invalid\"   \/> 3-Monthly - \u20ac180 (1 course)<\/label><\/div>\n\t\t<div class=\"frm_radio\" id=\"frm_radio_45-2\">\t\t\t<label  for=\"field_62h8saa62ab3dff13ef49efe1083640a5ff87af87946b-2\">\n\t\t\t\t\t<input type=\"radio\" name=\"item_meta[45]\" id=\"field_62h8saa62ab3dff13ef49efe1083640a5ff87af87946b-2\" value=\"Monthly Student\/Pensioner\/Unemployed - \u20ac50 (1 course)\"\n\t\t data-reqmsg=\"Payment cannot be blank.\" data-invmsg=\"Payment is invalid\"   \/> Monthly Student\/Pensioner\/Unemployed - \u20ac50 (1 course)<\/label><\/div>\n\t\t<div class=\"frm_radio\" id=\"frm_radio_45-3\">\t\t\t<label  for=\"field_62h8saa62ab3dff13ef49efe1083640a5ff87af87946b-3\">\n\t\t\t\t\t<input type=\"radio\" name=\"item_meta[45]\" id=\"field_62h8saa62ab3dff13ef49efe1083640a5ff87af87946b-3\" value=\"Monthly - \u20ac105 (both courses)\"\n\t\t data-reqmsg=\"Payment cannot be blank.\" data-invmsg=\"Payment is invalid\"   \/> Monthly - \u20ac105 (both courses)<\/label><\/div>\n\t\t<div class=\"frm_radio\" id=\"frm_radio_45-4\">\t\t\t<label  for=\"field_62h8saa62ab3dff13ef49efe1083640a5ff87af87946b-4\">\n\t\t\t\t\t<input type=\"radio\" name=\"item_meta[45]\" id=\"field_62h8saa62ab3dff13ef49efe1083640a5ff87af87946b-4\" value=\"3-Monthly - \u20ac290 (both courses)\"\n\t\t data-reqmsg=\"Payment cannot be blank.\" data-invmsg=\"Payment is invalid\"   \/> 3-Monthly - \u20ac290 (both courses)<\/label><\/div>\n\t\t<div class=\"frm_radio\" id=\"frm_radio_45-5\">\t\t\t<label  for=\"field_62h8saa62ab3dff13ef49efe1083640a5ff87af87946b-5\">\n\t\t\t\t\t<input type=\"radio\" name=\"item_meta[45]\" id=\"field_62h8saa62ab3dff13ef49efe1083640a5ff87af87946b-5\" value=\"Monthly Student\/Pensioner\/Unemployed - \u20ac75 (both courses)\"\n\t\t data-reqmsg=\"Payment cannot be blank.\" data-invmsg=\"Payment is invalid\"   \/> Monthly Student\/Pensioner\/Unemployed - \u20ac75 (both courses)<\/label><\/div>\n<\/div>\r\n    \r\n    \r\n<\/div>\n\t<input type=\"hidden\" name=\"item_key\" value=\"\" \/>\n\t\t\t<div id=\"frm_field_67_container\">\n\t\t\t<label for=\"field_6k3kb\" >\n\t\t\t\tIf you are human, leave this field blank.\t\t\t<\/label>\n\t\t\t<input  id=\"field_6k3kb\" type=\"text\" class=\"frm_form_field form-field frm_verify\" name=\"item_meta[67]\" value=\"\"  \/>\n\t\t<\/div>\n\t\t<input name=\"frm_state\" type=\"hidden\" value=\"noyVxyvBp\/kjHQtPTTZkD4gZTNnCdcyLTT0NwdLzp5s=\" \/><div class=\"frm_submit\">\r\n\r\n<button class=\"frm_button_submit\" type=\"submit\"  >Submit<\/button>\r\n\r\n<\/div><\/div>\n<\/fieldset>\n<\/div>\n\n<\/form>\n<\/div>\n\n","protected":false},"author":1,"featured_media":0,"parent":118,"menu_order":0,"comment_status":"closed","ping_status":"closed","template":"","meta":{"_et_pb_use_builder":"on","_et_pb_old_content":"","_et_gb_content_width":"","footnotes":""},"yoast_head":"<!-- This site is optimized with the Yoast SEO plugin v23.3 - https:\/\/yoast.com\/wordpress\/plugins\/seo\/ -->\n<title>Course Registration - Joga neizmerne sre\u010de in zdravja<\/title>\n<meta name=\"robots\" content=\"index, follow, max-snippet:-1, max-image-preview:large, max-video-preview:-1\" \/>\n<link rel=\"canonical\" href=\"https:\/\/joga-nsz.si\/?page_id=146&lang=en\" \/>\n<meta property=\"og:locale\" content=\"en_GB\" \/>\n<meta property=\"og:type\" content=\"article\" \/>\n<meta property=\"og:title\" content=\"Course Registration - Joga neizmerne sre\u010de in zdravja\" \/>\n<meta property=\"og:url\" content=\"https:\/\/joga-nsz.si\/?page_id=146&amp;lang=en\" \/>\n<meta property=\"og:site_name\" content=\"Joga neizmerne sre\u010de in zdravja\" \/>\n<meta property=\"article:modified_time\" content=\"2022-08-07T06:06:25+00:00\" \/>\n<meta name=\"twitter:card\" content=\"summary_large_image\" \/>\n<meta name=\"twitter:description\" content=\"[formidable id=7 title=true description=true]\" \/>\n<script type=\"application\/ld+json\" class=\"yoast-schema-graph\">{\"@context\":\"https:\/\/schema.org\",\"@graph\":[{\"@type\":\"WebPage\",\"@id\":\"https:\/\/joga-nsz.si\/?page_id=146&lang=en\",\"url\":\"https:\/\/joga-nsz.si\/?page_id=146&lang=en\",\"name\":\"Course Registration - Joga neizmerne sre\u010de in zdravja\",\"isPartOf\":{\"@id\":\"https:\/\/joga-nsz.si\/#website\"},\"datePublished\":\"2020-09-07T12:45:15+00:00\",\"dateModified\":\"2022-08-07T06:06:25+00:00\",\"breadcrumb\":{\"@id\":\"https:\/\/joga-nsz.si\/?page_id=146&lang=en#breadcrumb\"},\"inLanguage\":\"en-GB\",\"potentialAction\":[{\"@type\":\"ReadAction\",\"target\":[\"https:\/\/joga-nsz.si\/?page_id=146&lang=en\"]}]},{\"@type\":\"BreadcrumbList\",\"@id\":\"https:\/\/joga-nsz.si\/?page_id=146&lang=en#breadcrumb\",\"itemListElement\":[{\"@type\":\"ListItem\",\"position\":1,\"name\":\"Home\",\"item\":\"https:\/\/joga-nsz.si\/\"},{\"@type\":\"ListItem\",\"position\":2,\"name\":\"Courses\",\"item\":\"https:\/\/joga-nsz.si\/?page_id=118\"},{\"@type\":\"ListItem\",\"position\":3,\"name\":\"Course Registration\"}]},{\"@type\":\"WebSite\",\"@id\":\"https:\/\/joga-nsz.si\/#website\",\"url\":\"https:\/\/joga-nsz.si\/\",\"name\":\"Joga neizmerne sre\u010de in zdravja\",\"description\":\"Do\u017eivi se in odkrij radost \u017eivljenja!\",\"potentialAction\":[{\"@type\":\"SearchAction\",\"target\":{\"@type\":\"EntryPoint\",\"urlTemplate\":\"https:\/\/joga-nsz.si\/?s={search_term_string}\"},\"query-input\":\"required name=search_term_string\"}],\"inLanguage\":\"en-GB\"}]}<\/script>\n<!-- \/ Yoast SEO plugin. -->","yoast_head_json":{"title":"Course Registration - Joga neizmerne sre\u010de in zdravja","robots":{"index":"index","follow":"follow","max-snippet":"max-snippet:-1","max-image-preview":"max-image-preview:large","max-video-preview":"max-video-preview:-1"},"canonical":"https:\/\/joga-nsz.si\/?page_id=146&lang=en","og_locale":"en_GB","og_type":"article","og_title":"Course Registration - Joga neizmerne sre\u010de in zdravja","og_url":"https:\/\/joga-nsz.si\/?page_id=146&lang=en","og_site_name":"Joga neizmerne sre\u010de in zdravja","article_modified_time":"2022-08-07T06:06:25+00:00","twitter_card":"summary_large_image","twitter_description":"[formidable id=7 title=true description=true]","schema":{"@context":"https:\/\/schema.org","@graph":[{"@type":"WebPage","@id":"https:\/\/joga-nsz.si\/?page_id=146&lang=en","url":"https:\/\/joga-nsz.si\/?page_id=146&lang=en","name":"Course Registration - Joga neizmerne sre\u010de in zdravja","isPartOf":{"@id":"https:\/\/joga-nsz.si\/#website"},"datePublished":"2020-09-07T12:45:15+00:00","dateModified":"2022-08-07T06:06:25+00:00","breadcrumb":{"@id":"https:\/\/joga-nsz.si\/?page_id=146&lang=en#breadcrumb"},"inLanguage":"en-GB","potentialAction":[{"@type":"ReadAction","target":["https:\/\/joga-nsz.si\/?page_id=146&lang=en"]}]},{"@type":"BreadcrumbList","@id":"https:\/\/joga-nsz.si\/?page_id=146&lang=en#breadcrumb","itemListElement":[{"@type":"ListItem","position":1,"name":"Home","item":"https:\/\/joga-nsz.si\/"},{"@type":"ListItem","position":2,"name":"Courses","item":"https:\/\/joga-nsz.si\/?page_id=118"},{"@type":"ListItem","position":3,"name":"Course Registration"}]},{"@type":"WebSite","@id":"https:\/\/joga-nsz.si\/#website","url":"https:\/\/joga-nsz.si\/","name":"Joga neizmerne sre\u010de in zdravja","description":"Do\u017eivi se in odkrij radost \u017eivljenja!","potentialAction":[{"@type":"SearchAction","target":{"@type":"EntryPoint","urlTemplate":"https:\/\/joga-nsz.si\/?s={search_term_string}"},"query-input":"required name=search_term_string"}],"inLanguage":"en-GB"}]}},"_links":{"self":[{"href":"https:\/\/joga-nsz.si\/index.php?rest_route=\/wp\/v2\/pages\/146"}],"collection":[{"href":"https:\/\/joga-nsz.si\/index.php?rest_route=\/wp\/v2\/pages"}],"about":[{"href":"https:\/\/joga-nsz.si\/index.php?rest_route=\/wp\/v2\/types\/page"}],"author":[{"embeddable":true,"href":"https:\/\/joga-nsz.si\/index.php?rest_route=\/wp\/v2\/users\/1"}],"replies":[{"embeddable":true,"href":"https:\/\/joga-nsz.si\/index.php?rest_route=%2Fwp%2Fv2%2Fcomments&post=146"}],"version-history":[{"count":4,"href":"https:\/\/joga-nsz.si\/index.php?rest_route=\/wp\/v2\/pages\/146\/revisions"}],"predecessor-version":[{"id":1103,"href":"https:\/\/joga-nsz.si\/index.php?rest_route=\/wp\/v2\/pages\/146\/revisions\/1103"}],"up":[{"embeddable":true,"href":"https:\/\/joga-nsz.si\/index.php?rest_route=\/wp\/v2\/pages\/118"}],"wp:attachment":[{"href":"https:\/\/joga-nsz.si\/index.php?rest_route=%2Fwp%2Fv2%2Fmedia&parent=146"}],"curies":[{"name":"wp","href":"https:\/\/api.w.org\/{rel}","templated":true}]}}