{"id":1726,"date":"2023-12-06T20:40:46","date_gmt":"2023-12-06T19:40:46","guid":{"rendered":"https:\/\/joga-nsz.si\/?page_id=1726"},"modified":"2024-08-22T12:22:49","modified_gmt":"2024-08-22T11:22:49","slug":"kodeks-eticnega-ravnanja","status":"publish","type":"page","link":"https:\/\/joga-nsz.si\/?page_id=1726","title":{"rendered":"Kodeks eti\u010dnega ravnanja"},"content":{"rendered":"<p>[et_pb_section fb_built=&#8221;1&#8243; _builder_version=&#8221;4.23.1&#8243; _module_preset=&#8221;default&#8221; custom_margin=&#8221;||10px|||&#8221; custom_padding=&#8221;0px||0px|||&#8221; global_colors_info=&#8221;{}&#8221;][et_pb_row _builder_version=&#8221;4.23.1&#8243; _module_preset=&#8221;default&#8221; custom_padding=&#8221;13px|||||&#8221; global_colors_info=&#8221;{}&#8221;][et_pb_column type=&#8221;4_4&#8243; _builder_version=&#8221;4.23.1&#8243; _module_preset=&#8221;default&#8221; global_colors_info=&#8221;{}&#8221;][et_pb_text content_tablet=&#8221;<\/p>\n<h1><b>Kodeks eti\u010dnega ravnanja<\/b><\/h1>\n<h1><b>v \u0161oli Joga Neizmerne Sre\u010de in Zdravja<\/b><\/h1>\n<p>&#8221; content_phone=&#8221;<\/p>\n<h1><b>Kodeks eti\u010dnega ravnanja <\/b><b>v \u0161oli Joga Neizmerne Sre\u010de in Zdravja<\/b><\/h1>\n<p>&#8221; content_last_edited=&#8221;on|phone&#8221; _builder_version=&#8221;4.27.0&#8243; _module_preset=&#8221;default&#8221; header_font=&#8221;League Spartan|800|||||||&#8221; header_text_align=&#8221;center&#8221; header_text_color=&#8221;#030272&#8243; header_font_size=&#8221;32px&#8221; custom_padding=&#8221;||25px|||&#8221; hover_enabled=&#8221;0&#8243; header_font_size_tablet=&#8221;35px&#8221; header_font_size_phone=&#8221;23px&#8221; header_font_size_last_edited=&#8221;on|phone&#8221; global_colors_info=&#8221;{}&#8221; sticky_enabled=&#8221;0&#8243;]<\/p>\n<h1><b>Kodeks eti\u010dnega ravnanja<\/b><\/h1>\n<h1><b>v \u0161oli Joga Neizmerne Sre\u010de in Zdravja<\/b><\/h1>\n<p>[\/et_pb_text][et_pb_text _builder_version=&#8221;4.24.2&#8243; _module_preset=&#8221;default&#8221; text_font=&#8221;Montserrat||||||||&#8221; text_text_color=&#8221;#000000&#8243; text_font_size=&#8221;15px&#8221; min_height=&#8221;164.8px&#8221; custom_padding=&#8221;|150px||150px|false|false&#8221; custom_padding_tablet=&#8221;|150px||150px|false|false&#8221; custom_padding_phone=&#8221;|0px||0px|false|false&#8221; custom_padding_last_edited=&#8221;on|desktop&#8221; global_colors_info=&#8221;{}&#8221;]<\/p>\n<p><span style=\"font-weight: 400;\">Zavedamo se, kako pomembno je spo\u0161tovati eti\u010dna na\u010dela v vseh vidikih pou\u010devanja in prakse, da bi u\u010dencem zagotovili varno, podporno in spo\u0161tljivo okolje za vadbo in rast. U\u010ditelji si bodo prizadevali, da bodo pri spo\u0161tovanju teh na\u010del pokazali najbolj\u0161i mo\u017eni osebni zgled integritete in prijaznosti.<\/span><\/p>\n<p><span style=\"font-weight: 400;\">Tradicionalni sistem joge temelji na lastnem nizu eti\u010dnih smernic, ki so osnova jogijske filozofije in bistven del jogijske prakse. Te so poimenovane &#8220;Jama&#8221; in &#8220;Nijama&#8221; in so opisane v temeljnem jogijskem besedilu &#8220;Patanjalijeve joga sutre&#8221;, v katerem je razkritih osem korakov sistema joge.<\/span><\/p>\n<p>[\/et_pb_text][et_pb_text _builder_version=&#8221;4.24.2&#8243; _module_preset=&#8221;default&#8221; text_font=&#8221;Montserrat||||||||&#8221; text_text_color=&#8221;#000000&#8243; text_font_size=&#8221;15px&#8221; header_text_color=&#8221;#edae5c&#8221; header_2_font=&#8221;Montserrat||||||||&#8221; header_2_text_color=&#8221;#edae5c&#8221; min_height=&#8221;164.8px&#8221; custom_margin=&#8221;||-35px|||&#8221; custom_padding=&#8221;18px|150px||150px|false|false&#8221; custom_padding_tablet=&#8221;18px|150px||150px|false|false&#8221; custom_padding_phone=&#8221;|0px||0px|false|false&#8221; custom_padding_last_edited=&#8221;on|desktop&#8221; global_colors_info=&#8221;{}&#8221;]<\/p>\n<h2><strong>V \u0161oli Joga Neizmerne Sre\u010de in Zdravja si prizadevamo ta na\u010dela vklju\u010diti v Kodeks eti\u010dnega ravnanja, kot sledi:<\/strong><\/h2>\n<h2><strong><\/strong><\/h2>\n<p><strong><\/strong><strong>Jame:<\/strong><\/p>\n<ol>\n<li><strong> Ahimsa (ne\u0161kodovanje):<\/strong><span style=\"font-weight: 400;\"> U\u010ditelj daje prednost varnosti in dobremu po\u010dutju u\u010dencev ter se izogiba povzro\u010danju fizi\u010dne ali \u010dustvene \u0161kode. To vklju\u010duje sprejemanje ustreznih ukrepov in takoj\u0161nje ukrepanje v primeru morebitnega vpra\u0161anja varnosti v skladu s protokolom.<\/span><\/li>\n<li><strong> Satja (resnicoljubnost):<\/strong> <span style=\"font-weight: 400;\">U\u010ditelj bo v stikih z u\u010denci po\u0161ten in transparenten ter se bo izogibal napa\u010dnemu predstavljanju svojih kvalifikacij ali sposobnosti. Po potrebi se bo u\u010ditelj obrnil na drugega u\u010ditelja z ve\u010d izku\u0161njami ali strokovnim znanjem.<\/span><\/li>\n<li><strong> Asteja (nekraja):<\/strong><span style=\"font-weight: 400;\"> U\u010ditelj bo spo\u0161toval lastnino in vire svojih u\u010dencev, ne bo dopu\u0161\u010dal nobene oblike kraje ali zlorabe ali izkori\u0161\u010danja dobre volje in velikodu\u0161nosti posameznikov. To vklju\u010duje vse poskuse zavajanja ali manipuliranja z u\u010dencem, da bi ponudil strokovno pomo\u010d ali znanje za u\u010diteljevo osebno korist.<\/span><\/li>\n<li><strong> Brahma\u010darija (zmernost):<\/strong><span style=\"font-weight: 400;\"> U\u010ditelj bo v vseh vidikih svoje prakse gojil samokontrolo in zmernost ter bo pozoren na vsako vedenje, ki bi lahko bilo \u0161kodljivo ali neprimerno. U\u010ditelj si mora vedno prizadevati za uravnote\u017eeno in harmoni\u010dno vedenje v vseh interakcijah z u\u010denci in sodelavci.<\/span><\/li>\n<li><strong>Aparigraha (neakumulacija): <span style=\"font-weight: 400;\">U\u010ditelj se bo izogibal pretiranemu materializmu ali navezanosti na materialne dobrine in se namesto tega osredoto\u010dil na duhovne vidike svoje prakse. Nikoli ne bo predstavljal naukov z vidika finan\u010dne koristi, temve\u010d bo temeljil na globljih potrebah u\u010dencev.<\/span><\/strong><\/li>\n<\/ol>\n<p><strong><\/strong><\/p>\n<p><strong>Nijame:<\/strong><\/p>\n<ol>\n<li><strong> Saucha (\u010disto\u010da):<\/strong><span style=\"font-weight: 400;\"> U\u010ditelj mora vzdr\u017eevati \u010disto in higieni\u010dno okolje za svoje u\u010dence, vklju\u010dno s svojo osebno higieno in videzom.<\/span><\/li>\n<li><strong> Santosha (zadovoljstvo):<\/strong><span style=\"font-weight: 400;\"> U\u010ditelj bo v svojem \u017eivljenju in praksi gojil uravnote\u017eeno stanje dobrega po\u010dutja in hvale\u017enosti ter k temu spodbujal tudi svoje u\u010dence. U\u010ditelj ne bo zanemarjal zahtevnih in te\u017ekih \u017eivljenjskih situacij, vendar bo enako opozarjal na \u0161tevilne pozitivne vidike, ki so vedno prisotni v na\u0161em \u017eivljenju.<\/span><\/li>\n<li><strong> Tapas (samodisciplina):<\/strong><span style=\"font-weight: 400;\"> U\u010ditelj si bo prizadeval ohranjati mo\u010dno disciplino v svoji praksi in k temu spodbujal tudi svoje u\u010dence. U\u010ditelj bo poudarjal pomen osebne prakse in izku\u0161enj, ne pa slepega sprejemanja pojmov, ki se jih u\u010dijo v razredu, in bo sledil pregovoru: gram prakse je vreden tone teorije.<\/span><\/li>\n<li><strong> Svadhyaya (samoznanje):<\/strong><span style=\"font-weight: 400;\"> U\u010ditelj bo u\u010dence spodbujal k samorefleksiji in samou\u010denju, s \u010dimer bodo poglobili svojo prakso in razumevanje duhovne poti. To vklju\u010duje spodbujanje uporabe knji\u017enice \u0161ole in raziskovanja razli\u010dnih duhovnih tem in tradicij. U\u010ditelj si bo prizadeval tudi za seznanjanje s temeljnimi besedili tradicije joge in drugimi ustreznimi viri ter za nadaljnje poglabljanje lastnega duhovnega \u0161tudija kot dela svoje stalne prakse.<\/span><\/li>\n<li><strong> Ishvara pranidhana (predanost vi\u0161ji sili):<\/strong><span style=\"font-weight: 400;\"> U\u010ditelj bo gojil ob\u010dutek poni\u017enosti in predanosti Najvi\u0161jemu Absolutu ter se zavedal, da so njegove lastne sposobnosti in znanje omejeni. To vklju\u010duje pripravljenost biti odprt za povratne informacije, tako ustne povratne informacije u\u010dencev in sodelavcev, kot tudi pogled v ogledalo razli\u010dnih \u017eivljenjskih situacij.<\/span><\/li>\n<\/ol>\n<p><strong><\/strong><\/p>\n<p><strong>Poleg tega so del eti\u010dnega ravnanja tudi naslednji splo\u0161ni vidiki:<\/strong><\/p>\n<p><strong><\/strong><\/p>\n<ol>\n<li><strong> Zavezanost u\u010dencem:<\/strong><span style=\"font-weight: 400;\"> U\u010ditelj bo vedno zavezan u\u010dencem in njihovi praksi. U\u010ditelj bo prisoten in na voljo, da po potrebi zagotovi smernice in podporo. Hkrati bo u\u010ditelj spodbujal in usmerjal u\u010dence, da prevzamejo odgovornost za svoje vedenje in prakso.<\/span><\/li>\n<li><strong> Spo\u0161tovanje raznolikosti:<\/strong><span style=\"font-weight: 400;\"> U\u010ditelj bo spo\u0161toval in upo\u0161teval raznolikost svojih u\u010dencev. Izogibal se bo domnevam o predznanju svojih u\u010dencev in bo odprt za u\u010denje od in o svojih u\u010dencih.<\/span><\/li>\n<li><strong> Zaupnost:<\/strong><span style=\"font-weight: 400;\"> U\u010ditelj bo ohranil zaupnost osebnih podatkov svojih u\u010dencev in jih ne bo razkril brez njihovega soglasja.\u00a0<\/span><\/li>\n<li><strong> Nenehno u\u010denje:<\/strong><span style=\"font-weight: 400;\"> U\u010ditelj se mora nenehno usposabljati in izpopolnjevati, da bi izbolj\u0161al svoje pedago\u0161ke spretnosti in znanje. Vsak u\u010ditelj je tudi u\u010denec in si bo prizadeval biti zgleden v obeh vlogah.\u00a0<\/span><\/li>\n<li><strong> Integriteta:<\/strong><span style=\"font-weight: 400;\"> U\u010ditelj mora biti po\u0161ten, da bi se izognil nepravilnostim, ki jih lahko povzro\u010di: U\u010ditelj bo ohranil integriteto v vseh vidikih svoje prakse in ne sme ogro\u017eati svojih vrednot ali etike zaradi osebne koristi ali katerega koli drugega razloga. U\u010ditelj bo prakso yama in niyama, jogijskih moralnih in eti\u010dnih smernic, jemal zelo resno in si prizadeval \u017eiveti v skladu z najvi\u0161jimi standardi osebnega zgleda.<\/span><\/li>\n<li><strong> So\u010dutje:<\/strong><span style=\"font-weight: 400;\"> U\u010ditelj bo k svoji praksi ter praksi in izku\u0161njam svojih u\u010dencev pristopal s so\u010dutjem in empatijo ter si bo vedno prizadeval, da bi se z u\u010denci sre\u010dal tam, kjer se nahajajo.<\/span><\/li>\n<\/ol>\n<p>[\/et_pb_text][\/et_pb_column][\/et_pb_row][\/et_pb_section]<\/p>\n","protected":false},"excerpt":{"rendered":"<p>Kodeks eti\u010dnega ravnanja v \u0161oli Joga Neizmerne Sre\u010de in ZdravjaZavedamo se, kako pomembno je spo\u0161tovati eti\u010dna na\u010dela v vseh vidikih pou\u010devanja in prakse, da bi u\u010dencem zagotovili varno, podporno in spo\u0161tljivo okolje za vadbo in rast. U\u010ditelji si bodo prizadevali, da bodo pri spo\u0161tovanju teh na\u010del pokazali najbolj\u0161i mo\u017eni osebni zgled integritete in prijaznosti. Tradicionalni [&hellip;]<\/p>\n","protected":false},"author":1,"featured_media":0,"parent":0,"menu_order":0,"comment_status":"closed","ping_status":"closed","template":"","meta":{"_et_pb_use_builder":"on","_et_pb_old_content":"","_et_gb_content_width":"","footnotes":""},"yoast_head":"<!-- This site is optimized with the Yoast SEO plugin v23.3 - https:\/\/yoast.com\/wordpress\/plugins\/seo\/ -->\n<title>Kodeks eti\u010dnega ravnanja - Joga neizmerne sre\u010de in zdravja<\/title>\n<meta name=\"robots\" content=\"index, follow, max-snippet:-1, max-image-preview:large, max-video-preview:-1\" \/>\n<link rel=\"canonical\" href=\"https:\/\/joga-nsz.si\/?page_id=1726\" \/>\n<meta property=\"og:locale\" content=\"en_GB\" \/>\n<meta property=\"og:type\" content=\"article\" \/>\n<meta property=\"og:title\" content=\"Kodeks eti\u010dnega ravnanja - Joga neizmerne sre\u010de in zdravja\" \/>\n<meta property=\"og:description\" content=\"Kodeks eti\u010dnega ravnanja v \u0161oli Joga Neizmerne Sre\u010de in ZdravjaZavedamo se, kako pomembno je spo\u0161tovati eti\u010dna na\u010dela v vseh vidikih pou\u010devanja in prakse, da bi u\u010dencem zagotovili varno, podporno in spo\u0161tljivo okolje za vadbo in rast. U\u010ditelji si bodo prizadevali, da bodo pri spo\u0161tovanju teh na\u010del pokazali najbolj\u0161i mo\u017eni osebni zgled integritete in prijaznosti. Tradicionalni [&hellip;]\" \/>\n<meta property=\"og:url\" content=\"https:\/\/joga-nsz.si\/?page_id=1726\" \/>\n<meta property=\"og:site_name\" content=\"Joga neizmerne sre\u010de in zdravja\" \/>\n<meta property=\"article:modified_time\" content=\"2024-08-22T11:22:49+00:00\" \/>\n<meta name=\"twitter:card\" content=\"summary_large_image\" \/>\n<script type=\"application\/ld+json\" class=\"yoast-schema-graph\">{\"@context\":\"https:\/\/schema.org\",\"@graph\":[{\"@type\":\"WebPage\",\"@id\":\"https:\/\/joga-nsz.si\/?page_id=1726\",\"url\":\"https:\/\/joga-nsz.si\/?page_id=1726\",\"name\":\"Kodeks eti\u010dnega ravnanja - Joga neizmerne sre\u010de in zdravja\",\"isPartOf\":{\"@id\":\"https:\/\/joga-nsz.si\/#website\"},\"datePublished\":\"2023-12-06T19:40:46+00:00\",\"dateModified\":\"2024-08-22T11:22:49+00:00\",\"breadcrumb\":{\"@id\":\"https:\/\/joga-nsz.si\/?page_id=1726#breadcrumb\"},\"inLanguage\":\"en-GB\",\"potentialAction\":[{\"@type\":\"ReadAction\",\"target\":[\"https:\/\/joga-nsz.si\/?page_id=1726\"]}]},{\"@type\":\"BreadcrumbList\",\"@id\":\"https:\/\/joga-nsz.si\/?page_id=1726#breadcrumb\",\"itemListElement\":[{\"@type\":\"ListItem\",\"position\":1,\"name\":\"Home\",\"item\":\"https:\/\/joga-nsz.si\/\"},{\"@type\":\"ListItem\",\"position\":2,\"name\":\"Kodeks eti\u010dnega ravnanja\"}]},{\"@type\":\"WebSite\",\"@id\":\"https:\/\/joga-nsz.si\/#website\",\"url\":\"https:\/\/joga-nsz.si\/\",\"name\":\"Joga neizmerne sre\u010de in zdravja\",\"description\":\"Do\u017eivi se in odkrij radost \u017eivljenja!\",\"potentialAction\":[{\"@type\":\"SearchAction\",\"target\":{\"@type\":\"EntryPoint\",\"urlTemplate\":\"https:\/\/joga-nsz.si\/?s={search_term_string}\"},\"query-input\":\"required name=search_term_string\"}],\"inLanguage\":\"en-GB\"}]}<\/script>\n<!-- \/ Yoast SEO plugin. -->","yoast_head_json":{"title":"Kodeks eti\u010dnega ravnanja - Joga neizmerne sre\u010de in zdravja","robots":{"index":"index","follow":"follow","max-snippet":"max-snippet:-1","max-image-preview":"max-image-preview:large","max-video-preview":"max-video-preview:-1"},"canonical":"https:\/\/joga-nsz.si\/?page_id=1726","og_locale":"en_GB","og_type":"article","og_title":"Kodeks eti\u010dnega ravnanja - Joga neizmerne sre\u010de in zdravja","og_description":"Kodeks eti\u010dnega ravnanja v \u0161oli Joga Neizmerne Sre\u010de in ZdravjaZavedamo se, kako pomembno je spo\u0161tovati eti\u010dna na\u010dela v vseh vidikih pou\u010devanja in prakse, da bi u\u010dencem zagotovili varno, podporno in spo\u0161tljivo okolje za vadbo in rast. U\u010ditelji si bodo prizadevali, da bodo pri spo\u0161tovanju teh na\u010del pokazali najbolj\u0161i mo\u017eni osebni zgled integritete in prijaznosti. Tradicionalni [&hellip;]","og_url":"https:\/\/joga-nsz.si\/?page_id=1726","og_site_name":"Joga neizmerne sre\u010de in zdravja","article_modified_time":"2024-08-22T11:22:49+00:00","twitter_card":"summary_large_image","schema":{"@context":"https:\/\/schema.org","@graph":[{"@type":"WebPage","@id":"https:\/\/joga-nsz.si\/?page_id=1726","url":"https:\/\/joga-nsz.si\/?page_id=1726","name":"Kodeks eti\u010dnega ravnanja - Joga neizmerne sre\u010de in zdravja","isPartOf":{"@id":"https:\/\/joga-nsz.si\/#website"},"datePublished":"2023-12-06T19:40:46+00:00","dateModified":"2024-08-22T11:22:49+00:00","breadcrumb":{"@id":"https:\/\/joga-nsz.si\/?page_id=1726#breadcrumb"},"inLanguage":"en-GB","potentialAction":[{"@type":"ReadAction","target":["https:\/\/joga-nsz.si\/?page_id=1726"]}]},{"@type":"BreadcrumbList","@id":"https:\/\/joga-nsz.si\/?page_id=1726#breadcrumb","itemListElement":[{"@type":"ListItem","position":1,"name":"Home","item":"https:\/\/joga-nsz.si\/"},{"@type":"ListItem","position":2,"name":"Kodeks eti\u010dnega ravnanja"}]},{"@type":"WebSite","@id":"https:\/\/joga-nsz.si\/#website","url":"https:\/\/joga-nsz.si\/","name":"Joga neizmerne sre\u010de in zdravja","description":"Do\u017eivi se in odkrij radost \u017eivljenja!","potentialAction":[{"@type":"SearchAction","target":{"@type":"EntryPoint","urlTemplate":"https:\/\/joga-nsz.si\/?s={search_term_string}"},"query-input":"required name=search_term_string"}],"inLanguage":"en-GB"}]}},"_links":{"self":[{"href":"https:\/\/joga-nsz.si\/index.php?rest_route=\/wp\/v2\/pages\/1726"}],"collection":[{"href":"https:\/\/joga-nsz.si\/index.php?rest_route=\/wp\/v2\/pages"}],"about":[{"href":"https:\/\/joga-nsz.si\/index.php?rest_route=\/wp\/v2\/types\/page"}],"author":[{"embeddable":true,"href":"https:\/\/joga-nsz.si\/index.php?rest_route=\/wp\/v2\/users\/1"}],"replies":[{"embeddable":true,"href":"https:\/\/joga-nsz.si\/index.php?rest_route=%2Fwp%2Fv2%2Fcomments&post=1726"}],"version-history":[{"count":6,"href":"https:\/\/joga-nsz.si\/index.php?rest_route=\/wp\/v2\/pages\/1726\/revisions"}],"predecessor-version":[{"id":2246,"href":"https:\/\/joga-nsz.si\/index.php?rest_route=\/wp\/v2\/pages\/1726\/revisions\/2246"}],"wp:attachment":[{"href":"https:\/\/joga-nsz.si\/index.php?rest_route=%2Fwp%2Fv2%2Fmedia&parent=1726"}],"curies":[{"name":"wp","href":"https:\/\/api.w.org\/{rel}","templated":true}]}}