{"id":1733,"date":"2023-12-06T20:54:14","date_gmt":"2023-12-06T19:54:14","guid":{"rendered":"https:\/\/joga-nsz.si\/?page_id=1733"},"modified":"2024-08-22T12:23:55","modified_gmt":"2024-08-22T11:23:55","slug":"povratne-informacije","status":"publish","type":"page","link":"https:\/\/joga-nsz.si\/?page_id=1733","title":{"rendered":"Pohvale, predlogi in kritike"},"content":{"rendered":"<p>[et_pb_section fb_built=&#8221;1&#8243; _builder_version=&#8221;4.23.1&#8243; _module_preset=&#8221;default&#8221; custom_padding=&#8221;1px||3px|||&#8221; global_colors_info=&#8221;{}&#8221;][et_pb_row _builder_version=&#8221;4.23.1&#8243; _module_preset=&#8221;default&#8221; custom_padding=&#8221;24px|||||&#8221; global_colors_info=&#8221;{}&#8221;][et_pb_column type=&#8221;4_4&#8243; _builder_version=&#8221;4.23.1&#8243; _module_preset=&#8221;default&#8221; global_colors_info=&#8221;{}&#8221;][et_pb_text _builder_version=&#8221;4.27.0&#8243; _module_preset=&#8221;default&#8221; header_font=&#8221;League Spartan|800|||||||&#8221; header_text_align=&#8221;center&#8221; header_text_color=&#8221;#030272&#8243; header_font_size=&#8221;31px&#8221; custom_margin=&#8221;||26px|||&#8221; hover_enabled=&#8221;0&#8243; header_font_size_tablet=&#8221;35px&#8221; header_font_size_phone=&#8221;27px&#8221; header_font_size_last_edited=&#8221;on|phone&#8221; global_colors_info=&#8221;{}&#8221; sticky_enabled=&#8221;0&#8243;]<\/p>\n<h1><b>\u017delimo sli\u0161ati<\/b><\/h1>\n<h1><b>va\u0161e predloge<\/b><\/h1>\n<p>[\/et_pb_text][et_pb_text _builder_version=&#8221;4.24.2&#8243; _module_preset=&#8221;default&#8221; text_font=&#8221;Montserrat||||||||&#8221; text_text_color=&#8221;#000000&#8243; text_font_size=&#8221;15px&#8221; header_font=&#8221;|800|||||||&#8221; header_text_align=&#8221;center&#8221; header_text_color=&#8221;#030272&#8243; header_font_size=&#8221;35px&#8221; custom_padding=&#8221;|150px||150px|false|false&#8221; custom_padding_tablet=&#8221;|150px||150px|false|false&#8221; custom_padding_phone=&#8221;|0px||0px|false|false&#8221; custom_padding_last_edited=&#8221;on|desktop&#8221; global_colors_info=&#8221;{}&#8221;]<\/p>\n<p><span style=\"font-weight: 400;\">Delite z nami svoje povratne informacije in predloge\u00a0<\/span><\/p>\n<p><span style=\"font-weight: 400;\">Joga Neizmerne Sre\u010de in Zdravja pozdravlja va\u0161e povratne informacije in prilo\u017enost za izbolj\u0161ave.<\/span><\/p>\n<p><span style=\"font-weight: 400;\">Povratne informacije nas podpirajo pri na\u0161em nenehnem prizadevanju, da vsem, ki obi\u0161\u010dejo na\u0161e dejavnosti in se jih udele\u017eijo, zagotovimo prijazno, smiselno in spodbudno izku\u0161njo.\u00a0<\/span><\/p>\n<p><span style=\"font-weight: 400;\">\u010ce imate povratne informacije ali prito\u017ebo, imate na voljo naslednje mo\u017enosti:\u00a0<\/span><\/p>\n<p><span style=\"font-weight: 400;\">&#8211; \u010de ste u\u010denec, se lahko pogovorite z u\u010diteljem\u00a0<\/span><\/p>\n<p><span style=\"font-weight: 400;\">&#8211; <strong>kontaktirajte nas:<\/strong> podpora@joga-nsz.si<\/span><\/p>\n<p><span style=\"font-weight: 400;\">Odprti smo za va\u0161e povratne informacije in vas bomo glede va\u0161ega sporo\u010dila kontaktirali najkasneje v enem tednu.<\/span><\/p>\n<p>[\/et_pb_text][\/et_pb_column][\/et_pb_row][\/et_pb_section]<\/p>\n","protected":false},"excerpt":{"rendered":"<p>\u017delimo sli\u0161ati va\u0161e predlogeDelite z nami svoje povratne informacije in predloge\u00a0 Joga Neizmerne Sre\u010de in Zdravja pozdravlja va\u0161e povratne informacije in prilo\u017enost za izbolj\u0161ave. Povratne informacije nas podpirajo pri na\u0161em nenehnem prizadevanju, da vsem, ki obi\u0161\u010dejo na\u0161e dejavnosti in se jih udele\u017eijo, zagotovimo prijazno, smiselno in spodbudno izku\u0161njo.\u00a0 \u010ce imate povratne informacije ali prito\u017ebo, imate [&hellip;]<\/p>\n","protected":false},"author":1,"featured_media":0,"parent":0,"menu_order":0,"comment_status":"closed","ping_status":"closed","template":"","meta":{"_et_pb_use_builder":"on","_et_pb_old_content":"","_et_gb_content_width":"","footnotes":""},"yoast_head":"<!-- This site is optimized with the Yoast SEO plugin v23.3 - https:\/\/yoast.com\/wordpress\/plugins\/seo\/ -->\n<title>Pohvale, predlogi in kritike - Joga neizmerne sre\u010de in zdravja<\/title>\n<meta name=\"robots\" content=\"index, follow, max-snippet:-1, max-image-preview:large, max-video-preview:-1\" \/>\n<link rel=\"canonical\" href=\"https:\/\/joga-nsz.si\/?page_id=1733\" \/>\n<meta property=\"og:locale\" content=\"en_GB\" \/>\n<meta property=\"og:type\" content=\"article\" \/>\n<meta property=\"og:title\" content=\"Pohvale, predlogi in kritike - Joga neizmerne sre\u010de in zdravja\" \/>\n<meta property=\"og:description\" content=\"\u017delimo sli\u0161ati va\u0161e predlogeDelite z nami svoje povratne informacije in predloge\u00a0 Joga Neizmerne Sre\u010de in Zdravja pozdravlja va\u0161e povratne informacije in prilo\u017enost za izbolj\u0161ave. Povratne informacije nas podpirajo pri na\u0161em nenehnem prizadevanju, da vsem, ki obi\u0161\u010dejo na\u0161e dejavnosti in se jih udele\u017eijo, zagotovimo prijazno, smiselno in spodbudno izku\u0161njo.\u00a0 \u010ce imate povratne informacije ali prito\u017ebo, imate [&hellip;]\" \/>\n<meta property=\"og:url\" content=\"https:\/\/joga-nsz.si\/?page_id=1733\" \/>\n<meta property=\"og:site_name\" content=\"Joga neizmerne sre\u010de in zdravja\" \/>\n<meta property=\"article:modified_time\" content=\"2024-08-22T11:23:55+00:00\" \/>\n<meta name=\"twitter:card\" content=\"summary_large_image\" \/>\n<meta name=\"twitter:label1\" content=\"Estimated reading time\" \/>\n\t<meta name=\"twitter:data1\" content=\"1 minute\" \/>\n<script type=\"application\/ld+json\" class=\"yoast-schema-graph\">{\"@context\":\"https:\/\/schema.org\",\"@graph\":[{\"@type\":\"WebPage\",\"@id\":\"https:\/\/joga-nsz.si\/?page_id=1733\",\"url\":\"https:\/\/joga-nsz.si\/?page_id=1733\",\"name\":\"Pohvale, predlogi in kritike - Joga neizmerne sre\u010de in zdravja\",\"isPartOf\":{\"@id\":\"https:\/\/joga-nsz.si\/#website\"},\"datePublished\":\"2023-12-06T19:54:14+00:00\",\"dateModified\":\"2024-08-22T11:23:55+00:00\",\"breadcrumb\":{\"@id\":\"https:\/\/joga-nsz.si\/?page_id=1733#breadcrumb\"},\"inLanguage\":\"en-GB\",\"potentialAction\":[{\"@type\":\"ReadAction\",\"target\":[\"https:\/\/joga-nsz.si\/?page_id=1733\"]}]},{\"@type\":\"BreadcrumbList\",\"@id\":\"https:\/\/joga-nsz.si\/?page_id=1733#breadcrumb\",\"itemListElement\":[{\"@type\":\"ListItem\",\"position\":1,\"name\":\"Home\",\"item\":\"https:\/\/joga-nsz.si\/\"},{\"@type\":\"ListItem\",\"position\":2,\"name\":\"Pohvale, predlogi in kritike\"}]},{\"@type\":\"WebSite\",\"@id\":\"https:\/\/joga-nsz.si\/#website\",\"url\":\"https:\/\/joga-nsz.si\/\",\"name\":\"Joga neizmerne sre\u010de in zdravja\",\"description\":\"Do\u017eivi se in odkrij radost \u017eivljenja!\",\"potentialAction\":[{\"@type\":\"SearchAction\",\"target\":{\"@type\":\"EntryPoint\",\"urlTemplate\":\"https:\/\/joga-nsz.si\/?s={search_term_string}\"},\"query-input\":\"required name=search_term_string\"}],\"inLanguage\":\"en-GB\"}]}<\/script>\n<!-- \/ Yoast SEO plugin. -->","yoast_head_json":{"title":"Pohvale, predlogi in kritike - Joga neizmerne sre\u010de in zdravja","robots":{"index":"index","follow":"follow","max-snippet":"max-snippet:-1","max-image-preview":"max-image-preview:large","max-video-preview":"max-video-preview:-1"},"canonical":"https:\/\/joga-nsz.si\/?page_id=1733","og_locale":"en_GB","og_type":"article","og_title":"Pohvale, predlogi in kritike - Joga neizmerne sre\u010de in zdravja","og_description":"\u017delimo sli\u0161ati va\u0161e predlogeDelite z nami svoje povratne informacije in predloge\u00a0 Joga Neizmerne Sre\u010de in Zdravja pozdravlja va\u0161e povratne informacije in prilo\u017enost za izbolj\u0161ave. Povratne informacije nas podpirajo pri na\u0161em nenehnem prizadevanju, da vsem, ki obi\u0161\u010dejo na\u0161e dejavnosti in se jih udele\u017eijo, zagotovimo prijazno, smiselno in spodbudno izku\u0161njo.\u00a0 \u010ce imate povratne informacije ali prito\u017ebo, imate [&hellip;]","og_url":"https:\/\/joga-nsz.si\/?page_id=1733","og_site_name":"Joga neizmerne sre\u010de in zdravja","article_modified_time":"2024-08-22T11:23:55+00:00","twitter_card":"summary_large_image","twitter_misc":{"Estimated reading time":"1 minute"},"schema":{"@context":"https:\/\/schema.org","@graph":[{"@type":"WebPage","@id":"https:\/\/joga-nsz.si\/?page_id=1733","url":"https:\/\/joga-nsz.si\/?page_id=1733","name":"Pohvale, predlogi in kritike - Joga neizmerne sre\u010de in zdravja","isPartOf":{"@id":"https:\/\/joga-nsz.si\/#website"},"datePublished":"2023-12-06T19:54:14+00:00","dateModified":"2024-08-22T11:23:55+00:00","breadcrumb":{"@id":"https:\/\/joga-nsz.si\/?page_id=1733#breadcrumb"},"inLanguage":"en-GB","potentialAction":[{"@type":"ReadAction","target":["https:\/\/joga-nsz.si\/?page_id=1733"]}]},{"@type":"BreadcrumbList","@id":"https:\/\/joga-nsz.si\/?page_id=1733#breadcrumb","itemListElement":[{"@type":"ListItem","position":1,"name":"Home","item":"https:\/\/joga-nsz.si\/"},{"@type":"ListItem","position":2,"name":"Pohvale, predlogi in kritike"}]},{"@type":"WebSite","@id":"https:\/\/joga-nsz.si\/#website","url":"https:\/\/joga-nsz.si\/","name":"Joga neizmerne sre\u010de in zdravja","description":"Do\u017eivi se in odkrij radost \u017eivljenja!","potentialAction":[{"@type":"SearchAction","target":{"@type":"EntryPoint","urlTemplate":"https:\/\/joga-nsz.si\/?s={search_term_string}"},"query-input":"required name=search_term_string"}],"inLanguage":"en-GB"}]}},"_links":{"self":[{"href":"https:\/\/joga-nsz.si\/index.php?rest_route=\/wp\/v2\/pages\/1733"}],"collection":[{"href":"https:\/\/joga-nsz.si\/index.php?rest_route=\/wp\/v2\/pages"}],"about":[{"href":"https:\/\/joga-nsz.si\/index.php?rest_route=\/wp\/v2\/types\/page"}],"author":[{"embeddable":true,"href":"https:\/\/joga-nsz.si\/index.php?rest_route=\/wp\/v2\/users\/1"}],"replies":[{"embeddable":true,"href":"https:\/\/joga-nsz.si\/index.php?rest_route=%2Fwp%2Fv2%2Fcomments&post=1733"}],"version-history":[{"count":8,"href":"https:\/\/joga-nsz.si\/index.php?rest_route=\/wp\/v2\/pages\/1733\/revisions"}],"predecessor-version":[{"id":2247,"href":"https:\/\/joga-nsz.si\/index.php?rest_route=\/wp\/v2\/pages\/1733\/revisions\/2247"}],"wp:attachment":[{"href":"https:\/\/joga-nsz.si\/index.php?rest_route=%2Fwp%2Fv2%2Fmedia&parent=1733"}],"curies":[{"name":"wp","href":"https:\/\/api.w.org\/{rel}","templated":true}]}}