{"id":2,"date":"2020-09-06T22:37:53","date_gmt":"2020-09-06T22:37:53","guid":{"rendered":"https:\/\/dev.joga-nsz.si\/?page_id=2"},"modified":"2023-07-27T11:49:13","modified_gmt":"2023-07-27T10:49:13","slug":"home-page","status":"publish","type":"page","link":"https:\/\/joga-nsz.si\/?page_id=2&lang=en","title":{"rendered":"Home"},"content":{"rendered":"<p>[et_pb_section fb_built=&#8221;1&#8243; _builder_version=&#8221;4.16&#8243; _module_preset=&#8221;default&#8221; background_image=&#8221;https:\/\/dev.joga-nsz.si\/wp-content\/uploads\/2020\/09\/IMG_9930_edit2.jpg&#8221; background_position=&#8221;top_center&#8221; background_last_edited=&#8221;on|phone&#8221; global_colors_info=&#8221;{}&#8221; custom_padding=&#8221;0px|||||&#8221;][et_pb_row _builder_version=&#8221;4.17.6&#8243; _module_preset=&#8221;default&#8221; max_width_tablet=&#8221;&#8221; max_width_phone=&#8221;&#8221; max_width_last_edited=&#8221;on|desktop&#8221; custom_margin=&#8221;||||false|false&#8221; saved_tabs=&#8221;all&#8221; global_colors_info=&#8221;{}&#8221;][et_pb_column type=&#8221;4_4&#8243; _builder_version=&#8221;4.16&#8243; _module_preset=&#8221;default&#8221; global_colors_info=&#8221;{}&#8221;][et_pb_cta title=&#8221;NEW COURSE REGISTRATIONS OPEN NOW!&#8221; button_text=&#8221;Register&#8221; _builder_version=&#8221;4.17.6&#8243; _module_preset=&#8221;default&#8221; header_level=&#8221;h1&#8243; header_font_size=&#8221;26px&#8221; body_font_size=&#8221;18px&#8221; background_color=&#8221;rgba(56,56,56,0.25)&#8221; button_alignment=&#8221;center&#8221; module_alignment=&#8221;center&#8221; custom_margin=&#8221;||||false|false&#8221; custom_padding=&#8221;||2px||false|false&#8221; border_radii=&#8221;on|35px|35px|35px|35px&#8221; border_color_all=&#8221;#030272&#8243; border_style_all=&#8221;outset&#8221; border_width_bottom=&#8221;4px&#8221; border_color_bottom=&#8221;rgba(3,2,114,0.25)&#8221; global_colors_info=&#8221;{}&#8221; min_height=&#8221;607.3px&#8221;]<\/p>\n<p style=\"text-align: center;\"><span style=\"color: #ffffff;\"><strong>Weekly Yoga 1 Course in Slovenian language<br \/><\/strong><\/span>Tuesday &#8211; 16:30 &#8211; 19:00<br \/>Starts Tuesday, 10.10.2023 &#8211; 16:30 &#8211; 19:00<br \/><span style=\"color: #ffffff;\">Devi Yoga Centre,\u00a0Boben\u010dkova ulica 4<\/span><\/p>\n<p style=\"text-align: center;\"><span style=\"color: #ffffff;\"><strong>Weekly Tantra 1 Course in Slovenian language<\/strong><br \/><\/span><span style=\"color: #ffffff;\">Thursday &#8211; 17:00 &#8211; 19:30<\/span><br \/>Starts <span>Thursday<\/span>, 12.10.2023 &#8211; 17:00 &#8211; 19:30<br \/><span style=\"color: #ffffff;\">Devi Yoga Centre, Boben\u010dkova ulica 4<\/span><\/p>\n<p style=\"text-align: center;\"><span style=\"color: #ffffff;\"><strong>Classes are held both ONLINE and PHYSICALLY in the YOGA CENTRE!<\/strong><\/span><\/p>\n<p style=\"text-align: center;\"><span style=\"color: #ffffff;\"><strong>Sign-up\u00a0below to secure your place!<\/strong><\/span><\/p>\n<p>[\/et_pb_cta][et_pb_button button_url=&#8221;@ET-DC@eyJkeW5hbWljIjp0cnVlLCJjb250ZW50IjoicG9zdF9saW5rX3VybF9wYWdlIiwic2V0dGluZ3MiOnsicG9zdF9pZCI6IjE0NiJ9fQ==@&#8221; button_text=&#8221;Register Now&#8221; button_alignment=&#8221;center&#8221; _builder_version=&#8221;4.17.6&#8243; _dynamic_attributes=&#8221;button_url&#8221; _module_preset=&#8221;default&#8221; custom_button=&#8221;on&#8221; button_bg_color=&#8221;#030272&#8243; button_border_width=&#8221;2px&#8221; button_border_radius=&#8221;25px&#8221; button_font=&#8221;|600|||||||&#8221; button_icon=&#8221;&#x45;||divi||400&#8243; button_icon_color=&#8221;#FFFFFF&#8221; background_layout=&#8221;dark&#8221; custom_margin=&#8221;-4px||-25px||false|false&#8221; custom_padding=&#8221;4px||||false|false&#8221; button_text_shadow_style=&#8221;preset5&#8243; button_text_shadow_color=&#8221;rgba(0,0,0,0)&#8221; box_shadow_style=&#8221;preset1&#8243; global_colors_info=&#8221;{}&#8221;][\/et_pb_button][\/et_pb_column][\/et_pb_row][\/et_pb_section][et_pb_section fb_built=&#8221;1&#8243; _builder_version=&#8221;4.16&#8243; _module_preset=&#8221;default&#8221; background_color=&#8221;#030272&#8243; global_colors_info=&#8221;{}&#8221; custom_padding=&#8221;||0px|||&#8221;][et_pb_row column_structure=&#8221;1_2,1_2&#8243; _builder_version=&#8221;4.16&#8243; _module_preset=&#8221;default&#8221; global_colors_info=&#8221;{}&#8221; custom_padding=&#8221;||0px|||&#8221;][et_pb_column type=&#8221;1_2&#8243; _builder_version=&#8221;4.16&#8243; _module_preset=&#8221;default&#8221; global_colors_info=&#8221;{}&#8221;][et_pb_image src=&#8221;https:\/\/dev.joga-nsz.si\/wp-content\/uploads\/2020\/09\/Location-1.png&#8221; title_text=&#8221;Location&#8221; align=&#8221;center&#8221; _builder_version=&#8221;4.16&#8243; _module_preset=&#8221;default&#8221; global_colors_info=&#8221;{}&#8221;][\/et_pb_image][et_pb_text _builder_version=&#8221;4.16&#8243; _module_preset=&#8221;default&#8221; custom_margin=&#8221;10px||||false|false&#8221; custom_padding=&#8221;25px||||false|false&#8221; global_colors_info=&#8221;{}&#8221;]<\/p>\n<p style=\"text-align: center;\"><span style=\"color: #ffffff; font-size: 12pt;\">YOGA and TANTRA classes<br \/>will take place at:<\/span><br \/><span style=\"color: #ffffff; font-size: 12pt;\"> Devi Yoga Centre, Boben\u010dkova ulica 4<\/span><\/p>\n<p><gdiv><\/gdiv><\/p>\n<p>[\/et_pb_text][\/et_pb_column][et_pb_column type=&#8221;1_2&#8243; _builder_version=&#8221;4.16&#8243; _module_preset=&#8221;default&#8221; global_colors_info=&#8221;{}&#8221;][et_pb_image src=&#8221;https:\/\/dev.joga-nsz.si\/wp-content\/uploads\/2020\/09\/Mail-1.png&#8221; title_text=&#8221;Mail&#8221; align=&#8221;center&#8221; _builder_version=&#8221;4.16&#8243; _module_preset=&#8221;default&#8221; global_colors_info=&#8221;{}&#8221;][\/et_pb_image][et_pb_text _builder_version=&#8221;4.16&#8243; _module_preset=&#8221;default&#8221; custom_margin=&#8221;10px||||false|false&#8221; custom_padding=&#8221;25px||||false|false&#8221; global_colors_info=&#8221;{}&#8221;]<\/p>\n<p style=\"text-align: center;\"><span style=\"color: #ffffff; font-size: 12pt;\">info@joga-nsz.si<\/span><\/p>\n<p>&nbsp;<\/p>\n<p>[\/et_pb_text][\/et_pb_column][\/et_pb_row][\/et_pb_section]<\/p>\n","protected":false},"excerpt":{"rendered":"<p>Weekly Yoga 1 Course in Slovenian languageTuesday &#8211; 16:30 &#8211; 19:00Starts Tuesday, 10.10.2023 &#8211; 16:30 &#8211; 19:00Devi Yoga Centre,\u00a0Boben\u010dkova ulica 4 Weekly Tantra 1 Course in Slovenian languageThursday &#8211; 17:00 &#8211; 19:30Starts Thursday, 12.10.2023 &#8211; 17:00 &#8211; 19:30Devi Yoga Centre, Boben\u010dkova ulica 4 Classes are held both ONLINE and PHYSICALLY in the YOGA CENTRE! Sign-up\u00a0below [&hellip;]<\/p>\n","protected":false},"author":1,"featured_media":71,"parent":0,"menu_order":0,"comment_status":"closed","ping_status":"closed","template":"","meta":{"_et_pb_use_builder":"on","_et_pb_old_content":"<!-- wp:paragraph -->\n<p>This is an example page. It's different from a blog post because it will stay in one place and will show up in your site navigation (in most themes). Most people start with an About page that introduces them to potential site visitors. It might say something like this:<\/p>\n<!-- \/wp:paragraph -->\n\n<!-- wp:quote -->\n<blockquote class=\"wp-block-quote\"><p>Hi there! I'm a bike messenger by day, aspiring actor by night, and this is my website. I live in Los Angeles, have a great dog named Jack, and I like pi\u00f1a coladas. (And gettin' caught in the rain.)<\/p><\/blockquote>\n<!-- \/wp:quote -->\n\n<!-- wp:paragraph -->\n<p>...or something like this:<\/p>\n<!-- \/wp:paragraph -->\n\n<!-- wp:quote -->\n<blockquote class=\"wp-block-quote\"><p>The XYZ Doohickey Company was founded in 1971, and has been providing quality doohickeys to the public ever since. Located in Gotham City, XYZ employs over 2,000 people and does all kinds of awesome things for the Gotham community.<\/p><\/blockquote>\n<!-- \/wp:quote -->\n\n<!-- wp:paragraph -->\n<p>As a new WordPress user, you should go to <a href=\"https:\/\/dev.joga-nsz.si\/wp-admin\/\">your dashboard<\/a> to delete this page and create new pages for your content. Have fun!<\/p>\n<!-- \/wp:paragraph -->","_et_gb_content_width":"","footnotes":""},"yoast_head":"<!-- This site is optimized with the Yoast SEO plugin v23.3 - https:\/\/yoast.com\/wordpress\/plugins\/seo\/ -->\n<title>Home - Joga neizmerne sre\u010de in zdravja<\/title>\n<meta name=\"robots\" content=\"index, follow, max-snippet:-1, max-image-preview:large, max-video-preview:-1\" \/>\n<link rel=\"canonical\" href=\"https:\/\/joga-nsz.si\/?page_id=2&lang=en\" \/>\n<meta property=\"og:locale\" content=\"en_GB\" \/>\n<meta property=\"og:type\" content=\"article\" \/>\n<meta property=\"og:title\" content=\"Home - Joga neizmerne sre\u010de in zdravja\" \/>\n<meta property=\"og:description\" content=\"Weekly Yoga 1 Course in Slovenian languageTuesday - 16:30 - 19:00Starts Tuesday, 10.10.2023 - 16:30 - 19:00Devi Yoga Centre,\u00a0Boben\u010dkova ulica 4 Weekly Tantra 1 Course in Slovenian languageThursday - 17:00 - 19:30Starts Thursday, 12.10.2023 - 17:00 - 19:30Devi Yoga Centre, Boben\u010dkova ulica 4 Classes are held both ONLINE and PHYSICALLY in the YOGA CENTRE! Sign-up\u00a0below [&hellip;]\" \/>\n<meta property=\"og:url\" content=\"https:\/\/joga-nsz.si\/?page_id=2&amp;lang=en\" \/>\n<meta property=\"og:site_name\" content=\"Joga neizmerne sre\u010de in zdravja\" \/>\n<meta property=\"article:modified_time\" content=\"2023-07-27T10:49:13+00:00\" \/>\n<meta name=\"twitter:card\" content=\"summary_large_image\" \/>\n<meta name=\"twitter:label1\" content=\"Estimated reading time\" \/>\n\t<meta name=\"twitter:data1\" content=\"3 minutes\" \/>\n<script type=\"application\/ld+json\" class=\"yoast-schema-graph\">{\"@context\":\"https:\/\/schema.org\",\"@graph\":[{\"@type\":\"WebPage\",\"@id\":\"https:\/\/joga-nsz.si\/?page_id=2&lang=en\",\"url\":\"https:\/\/joga-nsz.si\/?page_id=2&lang=en\",\"name\":\"Home - Joga neizmerne sre\u010de in zdravja\",\"isPartOf\":{\"@id\":\"https:\/\/joga-nsz.si\/#website\"},\"primaryImageOfPage\":{\"@id\":\"https:\/\/joga-nsz.si\/?page_id=2&lang=en#primaryimage\"},\"image\":{\"@id\":\"https:\/\/joga-nsz.si\/?page_id=2&lang=en#primaryimage\"},\"thumbnailUrl\":\"\",\"datePublished\":\"2020-09-06T22:37:53+00:00\",\"dateModified\":\"2023-07-27T10:49:13+00:00\",\"breadcrumb\":{\"@id\":\"https:\/\/joga-nsz.si\/?page_id=2&lang=en#breadcrumb\"},\"inLanguage\":\"en-GB\",\"potentialAction\":[{\"@type\":\"ReadAction\",\"target\":[\"https:\/\/joga-nsz.si\/?page_id=2&lang=en\"]}]},{\"@type\":\"ImageObject\",\"inLanguage\":\"en-GB\",\"@id\":\"https:\/\/joga-nsz.si\/?page_id=2&lang=en#primaryimage\",\"url\":\"\",\"contentUrl\":\"\"},{\"@type\":\"BreadcrumbList\",\"@id\":\"https:\/\/joga-nsz.si\/?page_id=2&lang=en#breadcrumb\",\"itemListElement\":[{\"@type\":\"ListItem\",\"position\":1,\"name\":\"Home\",\"item\":\"https:\/\/joga-nsz.si\/\"},{\"@type\":\"ListItem\",\"position\":2,\"name\":\"Home\"}]},{\"@type\":\"WebSite\",\"@id\":\"https:\/\/joga-nsz.si\/#website\",\"url\":\"https:\/\/joga-nsz.si\/\",\"name\":\"Joga neizmerne sre\u010de in zdravja\",\"description\":\"Do\u017eivi se in odkrij radost \u017eivljenja!\",\"potentialAction\":[{\"@type\":\"SearchAction\",\"target\":{\"@type\":\"EntryPoint\",\"urlTemplate\":\"https:\/\/joga-nsz.si\/?s={search_term_string}\"},\"query-input\":\"required name=search_term_string\"}],\"inLanguage\":\"en-GB\"}]}<\/script>\n<!-- \/ Yoast SEO plugin. -->","yoast_head_json":{"title":"Home - Joga neizmerne sre\u010de in zdravja","robots":{"index":"index","follow":"follow","max-snippet":"max-snippet:-1","max-image-preview":"max-image-preview:large","max-video-preview":"max-video-preview:-1"},"canonical":"https:\/\/joga-nsz.si\/?page_id=2&lang=en","og_locale":"en_GB","og_type":"article","og_title":"Home - Joga neizmerne sre\u010de in zdravja","og_description":"Weekly Yoga 1 Course in Slovenian languageTuesday - 16:30 - 19:00Starts Tuesday, 10.10.2023 - 16:30 - 19:00Devi Yoga Centre,\u00a0Boben\u010dkova ulica 4 Weekly Tantra 1 Course in Slovenian languageThursday - 17:00 - 19:30Starts Thursday, 12.10.2023 - 17:00 - 19:30Devi Yoga Centre, Boben\u010dkova ulica 4 Classes are held both ONLINE and PHYSICALLY in the YOGA CENTRE! Sign-up\u00a0below [&hellip;]","og_url":"https:\/\/joga-nsz.si\/?page_id=2&lang=en","og_site_name":"Joga neizmerne sre\u010de in zdravja","article_modified_time":"2023-07-27T10:49:13+00:00","twitter_card":"summary_large_image","twitter_misc":{"Estimated reading time":"3 minutes"},"schema":{"@context":"https:\/\/schema.org","@graph":[{"@type":"WebPage","@id":"https:\/\/joga-nsz.si\/?page_id=2&lang=en","url":"https:\/\/joga-nsz.si\/?page_id=2&lang=en","name":"Home - Joga neizmerne sre\u010de in zdravja","isPartOf":{"@id":"https:\/\/joga-nsz.si\/#website"},"primaryImageOfPage":{"@id":"https:\/\/joga-nsz.si\/?page_id=2&lang=en#primaryimage"},"image":{"@id":"https:\/\/joga-nsz.si\/?page_id=2&lang=en#primaryimage"},"thumbnailUrl":"","datePublished":"2020-09-06T22:37:53+00:00","dateModified":"2023-07-27T10:49:13+00:00","breadcrumb":{"@id":"https:\/\/joga-nsz.si\/?page_id=2&lang=en#breadcrumb"},"inLanguage":"en-GB","potentialAction":[{"@type":"ReadAction","target":["https:\/\/joga-nsz.si\/?page_id=2&lang=en"]}]},{"@type":"ImageObject","inLanguage":"en-GB","@id":"https:\/\/joga-nsz.si\/?page_id=2&lang=en#primaryimage","url":"","contentUrl":""},{"@type":"BreadcrumbList","@id":"https:\/\/joga-nsz.si\/?page_id=2&lang=en#breadcrumb","itemListElement":[{"@type":"ListItem","position":1,"name":"Home","item":"https:\/\/joga-nsz.si\/"},{"@type":"ListItem","position":2,"name":"Home"}]},{"@type":"WebSite","@id":"https:\/\/joga-nsz.si\/#website","url":"https:\/\/joga-nsz.si\/","name":"Joga neizmerne sre\u010de in zdravja","description":"Do\u017eivi se in odkrij radost \u017eivljenja!","potentialAction":[{"@type":"SearchAction","target":{"@type":"EntryPoint","urlTemplate":"https:\/\/joga-nsz.si\/?s={search_term_string}"},"query-input":"required name=search_term_string"}],"inLanguage":"en-GB"}]}},"_links":{"self":[{"href":"https:\/\/joga-nsz.si\/index.php?rest_route=\/wp\/v2\/pages\/2"}],"collection":[{"href":"https:\/\/joga-nsz.si\/index.php?rest_route=\/wp\/v2\/pages"}],"about":[{"href":"https:\/\/joga-nsz.si\/index.php?rest_route=\/wp\/v2\/types\/page"}],"author":[{"embeddable":true,"href":"https:\/\/joga-nsz.si\/index.php?rest_route=\/wp\/v2\/users\/1"}],"replies":[{"embeddable":true,"href":"https:\/\/joga-nsz.si\/index.php?rest_route=%2Fwp%2Fv2%2Fcomments&post=2"}],"version-history":[{"count":16,"href":"https:\/\/joga-nsz.si\/index.php?rest_route=\/wp\/v2\/pages\/2\/revisions"}],"predecessor-version":[{"id":1135,"href":"https:\/\/joga-nsz.si\/index.php?rest_route=\/wp\/v2\/pages\/2\/revisions\/1135"}],"wp:featuredmedia":[{"embeddable":true,"href":"https:\/\/joga-nsz.si\/index.php?rest_route=\/"}],"wp:attachment":[{"href":"https:\/\/joga-nsz.si\/index.php?rest_route=%2Fwp%2Fv2%2Fmedia&parent=2"}],"curies":[{"name":"wp","href":"https:\/\/api.w.org\/{rel}","templated":true}]}}